(t).
-1
Let m(h) = 2 + 0*h**2 - 1 + 5*h**2 - 2*h. What is m(1)?
4
Let x be 48/21 + 4/(-14). Let z(w) = -3*w**2 + 2*w. Give z(x).
-8
Let n(u) = -20*u - 10. Let h(q) = -7*q - 3. Suppose -v - 18 = -3*m, -20 = 5*v - 0*v - m. Let l(g) = v*n(g) + 10*h(g). Calculate l(-1).
10
Let c(d) be the first derivative of d**4/4 + 2*d**3/3 + d**2 - 2*d - 31. Determine c(-2).
-6
Let r(k) = 2*k - 3. Let s(l) = l - 2. Let d(i) = 3*r(i) - 7*s(i). Let a be -2*((-9)/6)/(-1). Let x be (2 - 1)/(a/(-12)). Determine d(x).
1
Let n(c) = 2*c - 18*c**2 + 16*c**2 - c**3 - 3 + 7*c**2 + 5. Calculate n(5).
12
Suppose 5*l = -4*i + 7, l = -i - 1 + 2. Let n(q) be the first derivative of q**2 - 2*q + 51. What is n(l)?
4
Let x(t) = t**3 + 7*t**2 + 6*t - 6. Let g(b) = -3*b - 3. Let f be g(1). Calculate x(f).
-6
Suppose q = -q + 10. Let l(k) = 0 - 1 - k - q. Calculate l(0).
-6
Suppose -3*z + 26 = 20. Let k(d) = -3*d - 2*d**3 + 2*d + 3*d + d**3 - 3*d**z. Determine k(-4).
8
Let n(c) = 1 - 6*c + c + 10*c. What is n(4)?
21
Let t(y) = -y**3 + 6*y**2 + 6*y - 1. Let l = 48 - 41. Give t(l).
-8
Let q = -3 + 7. Let f = 6 - q. Let h(x) = 3 + 2*x + x**f - 1 - 3*x. Determine h(2).
4
Let x(y) = 5*y + 1. Let m be x(1). Let q(t) = 1 - t - m + 0 - 1. Determine q(0).
-6
Let p(u) = -u**2 + u + 1. Let h(d) = -d**3 + 3*d**2 - 7. Let a(l) = h(l) + 3*p(l). Let m be a(2). Let i(t) = t**2 + 6*t - 4. Calculate i(m).
-4
Let n(z) = 55*z**3 - z**2 - 25*z**3 - 2*z - 24*z**3 - 1. Calculate n(-1).
-6
Let z(j) be the first derivative of 2*j**2 - 2 + j - 1/3*j**3. What is z(3)?
4
Let c be (-3)/((-6)/(-4)) + 5. Let t(q) = -4 + 9*q**2 + 9 + 6*q - 3*q**2 - 2*q**3 + 3*q**c. What is t(-5)?
0
Let l(u) = -3*u**2 - 3*u - 2. Let y = 7 + -12. Let o be (1 + -6)*(-2)/y. Determine l(o).
-8
Suppose -u - 2*u = 0. Let x = 0 + u. Suppose x = 2*o - 4*o - 2. Let t(k) = k**3 - 2*k - 1. What is t(o)?
0
Suppose -4*o = 2*x + 28, 0*o = 3*x - 2*o + 18. Let k(y) = y**3 + 8*y**2 - 3. Give k(x).
-3
Let d(q) be the second derivative of q**5/20 + q**4/2 + q**3/3 - 28*q. Calculate d(-6).
-12
Let q(a) be the second derivative of a**4/4 + a**3/6 + a**2/2 + 9*a - 2. Determine q(-1).
3
Let x(g) be the first derivative of g**4/4 - 8*g**3/3 - 3*g**2/2 + 2*g - 6. What is x(8)?
-22
Let r(p) = p**2 + 8*p + 1. Let q = 3 - -5. Let b be 1*(1 - q/1). Give r(b).
-6
Let q(c) = c**2 - 8*c - 3. Let z(i) = -2*i**2 + 17*i + 6. Let x(m) = -9*q(m) - 4*z(m). Give x(6).
-9
Let z(n) = -n + 1. Suppose -2*x = 8 + 2. Calculate z(x).
6
Let x = 7 + -9. Let v = -1 - -6. Let l(f) = f + 2. Let b(z) = 2*z + 3. Let y(o) = v*l(o) - 4*b(o). Determine y(x).
4
Let f(r) = 3*r**2 - 3*r. Let t(n) = 6*n**2 - 6*n. Let w(d) = 5*f(d) - 3*t(d). Give w(2).
-6
Let i(x) = -7*x**2 + 13*x - 6. Let y(j) = -8*j**2 + 14*j - 6. Let s(o) = -7*i(o) + 6*y(o). Determine s(4).
-6
Let c(w) = w**2 + 5*w. Suppose 2*m = -3*p + 4*m - 12, -4*p - m - 16 = 0. Give c(p).
-4
Let r(m) = 17*m - 11. Let j(a) = 11*a - 7. Let w(d) = 8*j(d) - 5*r(d). Suppose 0 = -h + 1 - 4. Give w(h).
-10
Let j = 14 - 9. Let i(p) = p**3 - 6*p**2 + 4*p + 2. Calculate i(j).
-3
Let f(p) be the third derivative of p**5/30 - p**4/24 + p**3/6 - p**2. Suppose -4*j + 4*d - 8 = 0, 3*j - d - 4 = -j. Calculate f(j).
7
Let p(o) = -o**2 + 10*o - 2. Let y = 41 - 32. What is p(y)?
7
Suppose -o + 3*o + 2*k - 8 = 0, o = -5*k + 16. Let a(q) = -4*q - 1 - 6 + 4 - o + q**2. Calculate a(6).
8
Let p = -1 + 4. Suppose -p*y + 8*y = -25. Let j(m) = m**2 + 3*m - 4. Give j(y).
6
Let f(x) = -x - 2. Let s(r) = 4*r**2 + 12*r - 17. Let y(i) = -i**2 - 3*i + 4. Let j(h) = 2*s(h) + 9*y(h). Let z be j(-3). Suppose -t - 15 = z*t. What is f(t)?
3
Let z = -10 + 13. Let y(o) = 5*o**3 + 3*o + 3*o**2 + 5 + 5*o**z - 11*o**3. Determine y(4).
1
Let o(x) = 1 + 18*x - 7*x - 8*x - 4*x. Determine o(8).
-7
Suppose y = -0*y - 6. Let o be (-4)/y*3*-1. Let g(p) = -4*p - 2. Determine g(o).
6
Suppose -5*s = -3*s + 2*p + 24, -3*s = p + 28. Let f be 120/32 + (-2)/s. Let m(c) = -c**3 + 3*c**2 + 3*c + 2. What is m(f)?
-2
Let n(s) = s**3 - 3*s + 2. Let d be n(2). Let y(q) = -3*q + 0*q - d*q + q**2 + 7. Let t = 14 - 9. Determine y(t).
-3
Let j(a) = 20*a**2 + 12*a + 12. Let b(t) = -3*t**2. Let y(p) = -10*p**2 - p - 1. Let c(u) = 11*b(u) - 4*y(u). Let q(r) = 17*c(r) - 6*j(r). Give q(-3).
-1
Let b = -36 + 31. Let h(a) = -5*a**3 + 4*a**2 - 11*a - 10. Let d(q) = -q**3 - q - 1. Let j(y) = -6*d(y) + h(y). What is j(b)?
-4
Let k(h) = 20*h - 6. Let f(i) = 4*i - 1. Let z(g) = 11*f(g) - 2*k(g). Let t = 15 + -14. Calculate z(t).
5
Let x(b) = 5*b**2 + 6*b + 7. Let h(o) = 1 - 2 + 4*o**2 + 7*o - 2*o + 7. Let n(a) = -6*h(a) + 5*x(a). Determine n(2).
3
Let g(w) be the second derivative of -w**5/20 + w**4/2 - 5*w**3/6 + w**2 - 6*w. Calculate g(5).
2
Let q(n) = -n**2 - 6*n - 5. Let t be q(-3). Let b(d) = 2*d - 4. Give b(t).
4
Let k(w) be the first derivative of -3*w**2/2 + w - 14. Determine k(-2).
7
Let m be (-1)/((3/4)/3). Let f(n) be the first derivative of n**3/3 + 3*n**2/2 - 5*n + 10. What is f(m)?
-1
Let r(u) = u**2 - 7*u + 3. Let n(f) = -3*f - 1. Let y be n(-2). What is r(y)?
-7
Let f(y) be the second derivative of 5*y**4/24 + y**3/3 - 4*y**2 - y. Let t(b) be the first derivative of f(b). Give t(2).
12
Let a be 4/(-10) - (-4)/10. Suppose -t + 3*t + 10 = a. Let z = 2 + t. Let v(u) = u**3 + 3*u**2 - 1. Determine v(z).
-1
Let i(k) = -k. Let a be -3*(70/6)/(-5). Let j = -3 + a. What is i(j)?
-4
Let r(t) = 4 + 8 - 9*t**2 - 9*t + 17*t**2 - t**3. Let b be r(7). Let h(g) = g - g**2 + 0*g**2 - 2 + 0. What is h(b)?
-8
Let r(q) = 9 - q - 10 + 4. What is r(4)?
-1
Let l(y) = 10*y - y**2 - 5*y - 4 + 2*y. Suppose f = -3*i - i - 2, f - 4 = 2*i. Let c = 2 + f. Give l(c).
8
Let m(j) be the second derivative of j**3/6 - 3*j**2 - 6*j. Give m(3).
-3
Suppose 18 - 6 = -4*v. Let y(w) be the third derivative of w**5/60 + 5*w**4/24 + w**3/3 - w**2. Give y(v).
-4
Suppose 0 = 7*w - 15*w + 16. Let m(j) = 3*j**2 - 4*j + 2. Calculate m(w).
6
Let o(g) be the second derivative of -g**3/6 + 5*g**2/2 - 8*g. Calculate o(10).
-5
Let b(x) = x - 1. Let j be b(3). Let s(f) = 2 + 6*f**j + f + 1 - 7*f + 1 - f**3. Calculate s(5).
-1
Let u(s) = -3*s - 6. Let y = 23 + -27. Calculate u(y).
6
Let w(k) = k**3 - 5*k**2 - 7*k + 3. Let d be w(6). Suppose -81*x + 82*x + 1 = 0. Let a be ((-3)/9)/x*d. Let n(j) = -7*j + 1. Calculate n(a).
8
Suppose 0 = 5*s - 33 + 13. Let a be ((-4)/8)/1*-6. Let m(g) = 2 + 4 - 4*g**2 - a + g**3. Determine m(s).
3
Let h(x) = -13 + 7 + 9*x - x**2 + 2*x**2. Calculate h(-9).
-6
Suppose r + 3 = -3. Let z(i) be the third derivative of i**6/120 + 7*i**5/60 + 7*i**4/24 - i**3/6 - 41*i**2. Give z(r).
-7
Suppose -11*k = -6*k - 15. Let u = 6 - 3. Let g(y) = -1 - 3*y + 4 + y**3 + u*y**2 - 6*y**2. What is g(k)?
-6
Let t(n) be the second derivative of n**4/12 - 7*n**3/6 - 2*n**2 + 38*n. What is t(8)?
4
Let z(s) be the third derivative of s**9/60480 - s**8/3360 + s**7/1008 - s**6/360 + s**5/20 - 5*s**2. Let a(y) be the third derivative of z(y). Give a(4).
-14
Let x(n) = n**2 + 10*n + 1. Let m(p) = p. Let l(h) = 6*m(h) - x(h). Let u = -4 + 1. Determine l(u).
2
Suppose g - 5 = -0*g. Let j(v) = -v**3 + 11*v**2 - 4*v - 4. Let n(s) = -s**3 + 12*s**2 - 4*s - 4. Let a(w) = 6*j(w) - 5*n(w). Calculate a(g).
1
Let m(g) be the second derivative of -1/6*g**4 - 1/20*g**5 + 2*g + 1/2*g**3 + 0 - g**2. Let k(l) = -3*l. Let h be k(1). Calculate m(h).
-2
Let d(x) = 2*x + 1. Suppose 0 = 5*t + 30 - 40. Determine d(t).
5
Let p(h) = -h**3 - 5*h**2 + 6. Suppose 10*r = 12*r + 10. What is p(r)?
6
Let l = 6 + -1. Let g(c) = c**2 + 4*c - 5*c**2 + l*c**2. Give g(-5).
5
Let p(a) = -a**2 + 5*a + 1. Suppose 4*o + o + 20 = 0. Let b = 8 + o. Determine p(b).
5
Let j be (-12)/1*1/(-1). Suppose 5*s + 35 = -2*q, s + 3 = -2*q - j. Let a(v) = v**2 + 4*v - 6. Determine a(q).
-1
Let s = 14 + -5. Suppose -s = f - 4. Let g(q) be the first derivative of -q**4/4 - 2*q**3 - 2*q**2 - 2*q - 2. Calculate g(f).
-7
Let x(a) = -10*a**3 - 12*a**2 - 6*a - 1. Let q(p) = 7*p**3 + 8*p**2 + 4*p + 1. Let l(n) = -7*q(n) - 5*x(n). Give l(-4).
-10
Let s(o) = -2*o - 1. Let p be s(-2). Suppose 8 = -4*g + t, p*t = -t. Let w be (3 + 2)*(-2)/g. Let u(x) = x**3 - 5*x**2 + 2. What is u(w)?
2
Suppose -4*t = -5*r + 6 + 4, 3*t = -5*r + 45. Let y(u) = -u**2 + 8*u - 8. What is y(r)?
4
Let w(v) be the first derivative